 h(x) be the third derivative of 91*x**4/24 + 3*x**3/2 + 7*x**2. List the prime factors of h(1).
2, 5
Suppose 5*u = c + 14, 5*u = -5*c + c + 19. Let z(l) = 7*l**2 + 1. Let b be z(c). Suppose -b = 4*i - 0, 36 = 2*s - 2*i. List the prime factors of s.
2
What are the prime factors of 173289/45 + -19 - 2/(-15)?
2, 479
Let p be 1*-1 - (-84)/21. Suppose -p*c + 2*x = -15 - 23, 0 = -c + 2*x + 18. What are the prime factors of c?
2, 5
Let o = -259 + 945. List the prime factors of o.
2, 7
Let p be (24/5)/(3/(-10)). Let i = -5 - p. Let h = i - -2. What are the prime factors of h?
13
Let h(q) = 2*q + 24*q**2 - 19*q - 2 - 4 - 25*q**2. Let w(p) = -p**3 - 7*p**2 - 4*p. Let i be w(-6). What are the prime factors of h(i)?
2, 3
Suppose 5*u + 2*a = 6*u - 1931, 2*a - 7734 = -4*u. What are the prime factors of u?
1933
Let n = 4604 - 2735. List the prime factors of n.
3, 7, 89
Let x(h) = -h**3 - 10*h**2 - 10*h - 11. Let k be x(-9). Let w be 9/k + 2/4. Let a = 34 + w. List the prime factors of a.
2, 3, 5
Suppose -4*t + 12 = -0. Suppose 5*v = t*v + 56. Let b = v + -6. What are the prime factors of b?
2, 11
Let v(n) = n**2 + 44*n + 133. What are the prime factors of v(-44)?
7, 19
Let m = 46 + -43. Suppose -3*v = r - 445, r = m*v - 3*r - 425. List the prime factors of v.
3, 7
Let g be (40/(-6))/(12/(-414)). Suppose 3*y + 4*u - 163 = 0, -4*y + g = -2*u + u. Let q = -38 + y. What are the prime factors of q?
19
Let y be -3 + -25 - 1/(-1). Let i = y - -217. What are the prime factors of i?
2, 5, 19
Let y(g) = -415*g - 431. What are the prime factors of y(-8)?
3, 107
Suppose 40 = 5*l + 4*q, -25 = -5*l + 2*q - 3*q. Suppose -l*v + 400 = 4*o, o - 2*v - 157 = -51. List the prime factors of o.
2, 3, 17
Let k = 14 - -537. What are the prime factors of k?
19, 29
Let x(j) = -j + 19. Suppose 2*g = 3*s + 57, -2*g = 3*s + s + 62. What are the prime factors of x(s)?
2, 3
Suppose 258 = b + 5*b. Suppose 0 = -6*r + 5*r + b. What are the prime factors of r?
43
Suppose -o + 51 = c, -3*o + 0*c + 167 = -4*c. Suppose -95 + o = -2*h. What are the prime factors of h?
3, 7
Suppose -6*q - 36 = -2*q. Suppose 3*h - 27 = 6. Let x = h + q. What are the prime factors of x?
2
Let v(c) = c**2 + 2*c - 6. Let h be v(4). Let f = 87 - h. What are the prime factors of f?
3, 23
Suppose -3*q - 2*h - 5 = 3*h, 0 = 5*q + 5*h + 5. Let p be 1/2*(q + -134). Let u = p - -97. List the prime factors of u.
2, 3, 5
Let r = 69 + -67. Suppose 2*t + 3*w - 86 = 0, t - 67 + 17 = r*w. List the prime factors of t.
2, 23
Suppose -3*y - 2*y + 5*b = 0, -5*y + 2*b = 0. Suppose y = -8*j + 1430 - 262. What are the prime factors of j?
2, 73
Let d = 7 - 5. Suppose 5*r + 3 = -d. Let b(n) = 29*n**2 - 3*n - 2. What are the prime factors of b(r)?
2, 3, 5
Suppose -5*u - 148 = -4*u. Let a = 225 + u. List the prime factors of a.
7, 11
Let c(r) = r**3 - 2*r**2 + 3*r - 3. Let o be c(2). Let j be -3 + 16 - 0/o. Let v = 12 + j. List the prime factors of v.
5
Suppose 5*w = 5*u + w - 116, -4*w - 20 = -u. Suppose -60 = -26*n + u*n. What are the prime factors of n?
2, 3, 5
Let f(o) = -4*o - 3*o**2 + 2*o**2 + 13 - 5*o + 10*o. Let j(y) = y**2 - 2*y. Let t be j(2). List the prime factors of f(t).
13
Let n(w) = w**3 + 13*w**2 + 12*w + 5. Let b be n(-12). Suppose 3*j - 728 = -5*v, -v + 198 = b*j + 48. What are the prime factors of v?
5, 29
Let o = 184 - 103. What are the prime factors of o?
3
Let r be (-530)/12 + (-2)/(-12). Let j = 53 + -147. Let a = r - j. List the prime factors of a.
2, 5
Let m = -4 - -12. Suppose 3*y = m*y + 5, 4*y - 131 = -t. Suppose 161 = 5*a - 4*f, 0 = a - 5*a - 3*f + t. What are the prime factors of a?
3, 11
Let f(g) = -g**2 - 10*g - 11. Let o be f(-8). Let s be 0 - -1 - (-5 + 3). What are the prime factors of (4 - s) + o + 3?
3
Let c(n) = -3*n**3 + 14*n**2 + 29*n + 93. What are the prime factors of c(-6)?
3, 7, 17
Let u(m) = 136*m + 325. List the prime factors of u(30).
5, 881
Suppose -46*k = -104*k + 316274. List the prime factors of k.
7, 19, 41
Let k(n) = -10*n + 1. List the prime factors of k(-7).
71
Suppose 4*i - 4 = 0, 0 = -4*a + 2*a + 2*i + 212. Let m(j) = -48*j + 7. Let s be m(-1). Let u = a - s. List the prime factors of u.
2, 13
Let h be 393/15 + (-16)/(-20). Let w = h - 23. List the prime factors of w.
2
List the prime factors of -2 + 32/14 + (-122715)/(-105).
7, 167
Let x = -25 - -13. Let c = x + 51. List the prime factors of c.
3, 13
What are the prime factors of (-1 + -1100)*1/(3/(-2))?
2, 367
Let j = 272 + -129. What are the prime factors of j?
11, 13
List the prime factors of ((-10)/8)/(12/(-9360)).
3, 5, 13
Suppose 4*s = -5*t - 5, s - 5 = t + 4*t. Suppose -6*u + 3*u + 120 = s. List the prime factors of u.
2, 5
Suppose 28 = -2*f + 6*f. List the prime factors of ((f/2)/(-7) - -2)*44.
2, 3, 11
Suppose -5*i = -4*i - 4*r - 167, 3*i + 2*r = 515. What are the prime factors of i?
3, 19
Suppose 188*x + 21304 = 196*x. List the prime factors of x.
2663
Let q(y) = y + 1. Let d be q(2). Suppose 4*t - 20 = 3*m, 0 = -m - d*m + 5*t - 25. Suppose 3*a + 6 + 9 = m, 0 = r + 2*a + 7. List the prime factors of r.
3
Let l = -98 - -96. Let q = 118 - l. List the prime factors of q.
2, 3, 5
List the prime factors of 108/216*(-1 - -6319).
3, 13
Suppose 4*n = -5*z + 2110, 0 = -0*z + z - 2*n - 408. Let v = z - 296. Let c = v + -67. What are the prime factors of c?
5, 11
Suppose 4*h + h - 1415 = -5*r, 3*r = -h + 277. List the prime factors of h.
2, 11, 13
List the prime factors of (-24)/(-16)*(-5264)/(-6).
2, 7, 47
Let y(l) = -l**2 + 3*l + 2. Let v be y(6). List the prime factors of v/(((-36)/8)/9).
2
Suppose 48 = 4*k - 2*i, 5*k - 64 = 3*i - 6. Suppose 0 = -9*n + k*n - 20. Suppose 0 = 3*j - n*h - 53, 0*h - 64 = -4*j + 4*h. List the prime factors of j.
11
Let d be (-59)/3 + 8/12. Let j = d - -27. Let s = j - -2. List the prime factors of s.
2, 5
Let p = 26 - -12. List the prime factors of p.
2, 19
Let k(c) = -7*c + 20. Let a(u) = -6*u + 19. Let j(v) = 6*a(v) - 5*k(v). What are the prime factors of j(-12)?
2, 13
Let b = 16 + 20. Suppose 48 = 3*h - b. Let w = h + -12. What are the prime factors of w?
2
Let h(w) = -34*w**2 + 51*w**2 - 18*w**2 + 13. Let n = 1 - 1. What are the prime factors of h(n)?
13
Let y(n) = 8*n**3 + 14*n**2 - 35*n + 7. What are the prime factors of y(6)?
2029
Suppose 10*t = 6*t - 5*f + 1184, -5*t - 3*f = -1480. What are the prime factors of t?
2, 37
What are the prime factors of 9/((-72)/(-4592)) - -4?
2, 17
Let y be -6*((-10)/(-6))/1. Let x be (8/(-6))/(y/30). List the prime factors of (15/(-10))/((-2)/x).
3
Let t(j) be the second derivative of -35*j**3/2 - 7*j**2/2 - 38*j. What are the prime factors of t(-2)?
7, 29
Suppose -2*n - 3*h + 0*h + 6 = 0, -5*h = -n + 3. Let x(u) = -n - 4*u + 5 + 1 + 0 + 7*u**2. List the prime factors of x(2).
23
Let m(d) = 106*d - 605. List the prime factors of m(10).
5, 7, 13
Suppose -u + 4*s = -1011, 2*u + 1061 = 5*s + 3068. List the prime factors of u.
991
Let x(y) = y**2 - 6. Let n be 2/(-8)*0/(-2). Let o(u) = -u + 7. Let l be o(n). List the prime factors of x(l).
43
Suppose -4*n - 8 = 0, 0 = 8*t - 4*t - 4*n + 76. What are the prime factors of (-90 - -1)*-1 + 18 + t?
2, 43
Suppose -4*r - 2*k = -6028, -2*r - 4516 = -5*r - 4*k. List the prime factors of (r/39)/((-2)/(-3)).
2, 29
Suppose 0 = -2*x + 5*p + 284, 4*x - 3*p - 302 = 280. What are the prime factors of x?
3, 7
Suppose 62*s = 61*s + 3*j + 499, 3*j = 5*s - 2495. List the prime factors of s.
499
Let n(p) = p + 14. Let s(r) = -r - 14. Let z(l) = -l - 7. Let k be z(-3). Let a(q) = k*n(q) - 5*s(q). List the prime factors of a(0).
2, 7
Let v(b) = -57*b**3 - 2*b**2 - 7*b. List the prime factors of v(-3).
2, 3, 257
Suppose -3*z + 4022 = 908. What are the prime factors of z?
2, 3, 173
Let y = 212 - -25. What are the prime factors of y?
3, 79
Suppose -53*j + 0*j = -47912. What are the prime factors of j?
2, 113
Suppose -13 = -4*c - 77. Let k = -24 - -12. List the prime factors of 28 - 4/(c/k).
5
Let o(f) be the second derivative of 1/6*f**4 + 15/2*f**2 - 8*f + 7/6*f**3 + 0. What are the prime factors of o(-6)?
3, 5
List the prime factors of 44/77 - 16392/(-28).
2, 293
Let m(b) = -b - 7. Let u be m(-7). Let l be 2 - -75 - (4 - u). Let p = l + -34. List the prime factors of p.
3, 13
What are the prime factors of 60/(-42) + (-536845)/(-133)?
3, 5